 divisor of 20 and j.
10
Let h(o) = 2*o - 4*o**2 + 2*o**2 + 4 - 4*o + o**3 + 0*o**3. Let p be h(3). What is the highest common factor of 1 and p?
1
Suppose 3*c - 107 = -38. Calculate the highest common factor of 23 and c.
23
Suppose 3*v - 4*c = -0*c + 61, 3*v - 2*c = 53. Suppose 4*t = 16, 0*j + t + 2 = 2*j. What is the highest common factor of v and j?
3
Suppose 5*g + 5 = 0, -11 = 5*c - 5*g + g. Let y = 0 + c. Let a = 33 + y. What is the greatest common factor of 6 and a?
6
Let l = -8 + 26. Let z(q) be the second derivative of 6*q**3 + q. Let r be z(5). What is the highest common factor of r and l?
18
Let a = 33 - -72. Calculate the highest common factor of a and 21.
21
Let k = 228 + -111. What is the greatest common factor of 9 and k?
9
Let c = -18 + 34. Suppose -7 = -v + c. Let n = -39 - -108. Calculate the greatest common divisor of n and v.
23
Suppose 2*k = k. Suppose k*i = -5*i + 65. What is the highest common divisor of 91 and i?
13
Suppose -16*h = -h - 150. What is the greatest common factor of h and 40?
10
Suppose -5*w + 0*w - 4*y = -210, -w + y + 51 = 0. Suppose -5*j = -2*a - 583, -3*j + a = 63 - 412. What is the greatest common factor of j and w?
23
Let y(s) = -s**2 - 4*s - 1. Let u be y(-4). Let g = 13 - u. What is the greatest common divisor of 35 and g?
7
Suppose -2*i - w = 2*w - 363, -2*i + 375 = -w. Let r = -6 + i. What is the highest common factor of 20 and r?
20
Let v = 81 + -58. What is the highest common factor of 161 and v?
23
Let o be 2 + -1 - (0 - 1). Let h(z) = z**2 - 4*z + 1. Let w be h(-3). What is the greatest common factor of o and w?
2
Suppose 4*s - 41 - 199 = 0. Suppose 4*f - f - s = 0. What is the highest common divisor of f and 5?
5
Suppose -34 = 5*o - 124. Let a be ((-72)/(-10))/((-3)/(-20)). Let j be ((-2)/4)/((-2)/a). What is the greatest common factor of j and o?
6
Suppose -12 = -3*b + 9. Let w = b + -5. Suppose w = 2*x - 0. Calculate the highest common divisor of x and 1.
1
Let q = 30 + -28. What is the highest common factor of 22 and q?
2
Let l(i) = i**3 + 4*i**2 - 4*i + 6. Let k be l(-5). Let h be (5/(-2))/(k/(-22)). Calculate the greatest common factor of 5 and h.
5
Suppose 4*f = -0*f - 5*y + 45, 3*y - 43 = -4*f. Calculate the greatest common divisor of f and 15.
5
Let d be 10/3*(-63)/(-5). Let k be 3/((-75)/d + 2). What is the greatest common divisor of k and 14?
14
Suppose -v + 15 = -5*a, -2*a = 5*v + 8 - 2. Suppose 3*d - 6*d + 255 = v. What is the greatest common factor of d and 17?
17
Let h be (133 + (-1)/1)*1. Let f(r) = -r**2 + 5*r - 3. Let j be f(3). Suppose -39 = -j*g - 3. Calculate the greatest common factor of g and h.
12
Let c be 18*35/45*6. Calculate the highest common divisor of c and 42.
42
Suppose -5*h + 142 + 23 = 0. Let k = h - 15. Calculate the greatest common factor of k and 2.
2
Let b(f) = 5*f**2 - 9*f + 3. Let d be b(2). What is the highest common factor of d and 35?
5
Suppose -r - 1030 = -6*r. Let o = -106 + r. Let u(h) = h**2 - 2*h + 2. Let n be u(4). Calculate the greatest common divisor of o and n.
10
Let i = 5 + 8. Suppose -2*y + 7 = 5*d - 71, d = -3*y + i. Suppose 5*k = -2*c + 22, 3*k - d = 3*c + 14. What is the greatest common divisor of 30 and k?
6
Let d = 67 + -12. Suppose 0 = 4*b - 20, -b = -4*u - 0*b + 15. Calculate the highest common divisor of u and d.
5
Suppose -5 - 6 = -2*f - 3*q, -7 = -f - 3*q. Suppose 1 = f*d - 19, -5*d = -5*a + 80. Suppose 3 = -3*m + a. Calculate the highest common divisor of m and 12.
6
Let i(f) = -f**3 + 4*f**2 + 4*f - 9. Let r be i(4). Let y(u) = u**3 + 6*u**2 - 4*u + 4. Let q be y(-6). Calculate the greatest common divisor of q and r.
7
Let l = -30 + 34. Suppose 3*s - 13 - 80 = -3*h, -3*h = 4*s - 92. Calculate the highest common divisor of l and h.
4
Suppose b - 140 = -3*f + 3*b, 3*f + 4*b = 170. Suppose -4*t = t - f. What is the highest common factor of 60 and t?
10
Let a = 17 - 9. What is the highest common factor of 64 and a?
8
Let m be 2 - -21 - (4 - 6). Calculate the greatest common factor of m and 125.
25
Suppose 2 = 4*c - 2. Suppose -4*i - i - 4*d = -10, 29 = 4*i - d. Suppose 2*j - 23 - i = -5*x, -4*x = -3*j - 14. What is the greatest common divisor of c and x?
1
Let i be (7*-2)/(-1 + 0). Let k = 34 - i. Calculate the highest common divisor of 5 and k.
5
Suppose -85 = -3*o + 2*j, 0*o + 3*o - 4*j = 89. What is the highest common factor of o and 27?
27
Let l = 27 + -17. Calculate the highest common divisor of l and 4.
2
Suppose -4*g - 3*g + 42 = 0. Let r = g + 165. Calculate the greatest common factor of r and 19.
19
Let f(h) be the first derivative of h**3/3 - 3*h - 1. Let c be f(-3). Calculate the highest common factor of c and 6.
6
Let a be 20*7*(-1)/(-4). Calculate the highest common divisor of a and 14.
7
Suppose 2*p - 5 + 25 = 4*v, 5*v = -4*p + 12. Let t be (1/2)/(v/216). Calculate the highest common divisor of 27 and t.
27
Suppose -4*w + 9 = -27. Suppose -u + 21 = 2*u. Suppose -u*v + 2*v = -45. Calculate the greatest common factor of v and w.
9
Let f be (16/6)/(3/(-9)). Let n = 10 + f. What is the highest common divisor of 8 and n?
2
Suppose -12 = -3*q - i + 3, 0 = 2*q + i - 11. Let a be (6 + -51)*q/(-5). What is the greatest common divisor of a and 9?
9
Suppose -7*w + 4*w + 5*b = -265, 0 = b + 2. What is the greatest common factor of w and 34?
17
Suppose 3*o = -0*o. Let m be o/(2/2 - 3). Suppose -4*z + 174 = -2*w - w, -z - 2*w + 49 = m. Calculate the greatest common factor of z and 9.
9
Let z = -28 - -50. What is the greatest common divisor of z and 11?
11
Let j = 5 + -10. Let s(g) = g**3 + 5*g**2 - 4*g + 7. Let a be s(j). Calculate the highest common factor of a and 18.
9
Suppose -11 = -3*j + 1. Suppose o + 4*h = 6*o + 11, 0 = -h + j. Let w = 4 + -2. What is the highest common factor of o and w?
1
Let r(s) = s**2 + 2*s - 6. Let f be (-45)/(-3)*(-1)/(-1). Suppose -f = 2*l + l. Let o be r(l). What is the highest common factor of 45 and o?
9
Let n be (2/(-3))/(2/(-15)). Suppose 20*x - 18*x = 30. Calculate the highest common factor of n and x.
5
Let r(n) = 2*n**2 + 2*n**2 - 3*n**2 + 4*n - 9 - 10*n. Let l be r(-9). Calculate the greatest common divisor of l and 14.
14
Let o = 5 - -2. Suppose 5*b + 110 = 3*m, -7*b + 31 = m - 3*b. Calculate the highest common divisor of o and m.
7
Let g be 6/(-2) + (32 - 8). What is the greatest common factor of 42 and g?
21
Let s = 346 - 226. Suppose -f = -5*g + s, g = 3*g + f - 55. Calculate the greatest common factor of g and 10.
5
Suppose 5*o - 93 = -3*m, 6*o - 96 = 2*o + 3*m. Let d be (-28)/(-5) - 4/(-10). Let i = 1 + d. Calculate the greatest common factor of i and o.
7
Let k be 81/18 - (-1)/2. Suppose 0*p - 325 = -k*p. Calculate the greatest common factor of p and 26.
13
Let q(j) = 4*j - 23. Let f be q(16). Calculate the greatest common divisor of f and 164.
41
Let g(n) = 7*n**2 - 6*n - 2. Let p be g(-4). Let i be -6*(-1)/(4/p). Suppose 0 = -4*j + 1125 - i. What is the greatest common divisor of 21 and j?
21
Suppose -2*m + 7*m - u - 592 = 0, -2*m + 3*u + 229 = 0. Calculate the greatest common factor of m and 17.
17
Suppose 5*x = -2*z - 143, -4*x = -4*z + z - 157. Let t = 289 + z. Suppose -8*j = -3*j - t. Calculate the highest common factor of 69 and j.
23
Let v = 213 - 87. Calculate the highest common factor of v and 14.
14
Let t = 1 - 0. Suppose -3*q + 8 = -5*x, -1 = 5*q - 2*q + 4*x. Let k be 13 - (1 + q/t). Calculate the greatest common factor of k and 99.
11
Suppose m + 4 - 2 = 0. Let s(w) = 4*w + 3. Let v be s(m). Let l be (v - -1)/((-2)/4). Calculate the greatest common factor of l and 2.
2
Suppose -y + 3*y = g - 16, 0 = -3*g - 4*y - 2. Let u be 3/g*-4 + 128. Calculate the greatest common factor of u and 18.
18
Let y(f) = 6*f - 3. Let m(i) = i + 2. Let n be m(0). Let a be y(n). What is the greatest common factor of a and 99?
9
Suppose -4 = -d - 2*a, d - a = 6*d - 38. Suppose -d - 10 = -2*z. What is the greatest common divisor of z and 72?
9
Suppose -4*n = 5*b + n, 2*n = 2*b - 4. Suppose -b - 9 = 5*j - 5*d, 3*d = -4*j + 20. Calculate the highest common divisor of 5 and j.
1
Let c(f) = -f**2 - 2*f + 1. Let t be c(-3). Let r = t + 5. What is the highest common divisor of 12 and r?
3
Suppose -2*l = 2*w + 2, 5*w = -0*w + l + 25. Suppose m - 5*m = o - 8, 2*m - 4*o - w = 0. Calculate the greatest